t v = -229 + 299. What is the remainder when 216 is divided by v?
6
Let z = -23 - -27. Suppose -12 - 8 = -z*t. Suppose -4*o - b = o - 42, o - 4*b = 0. Calculate the remainder when o is divided by t.
3
Let b(h) = -4*h + 2. Let g be b(3). Let j = g - -11. Let q = 15 + j. Calculate the remainder when 29 is divided by q.
13
Suppose 112*k - 38889 = 83*k. Calculate the remainder when k is divided by 17.
15
Let d = 456 + -174. Suppose 0 = -15*m + 9*m + d. Calculate the remainder when m is divided by 8.
7
Let x = 22 + -13. Let q be 2/(-10) - (-16)/5. Suppose 2*d - q*d = -43. Calculate the remainder when d is divided by x.
7
Suppose -7 - 2 = -3*f. Suppose -l + 98 = -h, 5*h + 184 = 5*l - f*l. What is the remainder when l is divided by 35?
32
Suppose -2*x = -2*d + 48, -12 = d + 2*d. What is the remainder when 7 is divided by 18/8 - (189/x + 7)?
1
Suppose 0 = -4*i - 8, 2*i + 5 = r - 0*i. Suppose 3*f = 3, 2*n - 8 = 4*n - 4*f. Calculate the remainder when (2 + n)/(-2) - -1 is divided by r.
0
Suppose -116 = -3*s - 5*v, 3*s - 19*v = -22*v + 126. Calculate the remainder when 47 is divided by s.
0
Let f(m) = -3*m - 39. Let t be f(-10). Calculate the remainder when 79 is divided by -9*(0 - ((-33)/t - -1)).
37
Let g(r) = -2*r + 47. Let d be g(21). Suppose -5*u + 2*u + 56 = d*j, -50 = -3*u + j. Calculate the remainder when 28 is divided by u.
11
Let v = 17 + -176. Let q = -139 - v. What is the remainder when q is divided by 9?
2
Suppose 3*o - 3*f = -f + 262, -3*o + 254 = 2*f. Let h = o + -75. Calculate the remainder when 85 is divided by h.
8
What is the remainder when (2 + (-29)/(-2))/((-9)/(-264)) is divided by 18?
16
Suppose t + 0*t = 71. Suppose -5*p - 4*r = -37, 0*p + 2*p = -4*r + 22. Let s = p - -13. What is the remainder when t is divided by s?
17
Let x be 81/(-6) - (-1)/(-2). Let a = 9 - x. Suppose 2*m - 5 = a. Calculate the remainder when 25 is divided by m.
11
Let v(y) be the second derivative of -y**5/20 - 5*y**4/4 + y**3/3 + 18*y**2 - 20*y. Calculate the remainder when 29 is divided by v(-15).
5
Suppose -11 - 4 = -3*s. Suppose -26 - 32 = -5*t - z, -5*t = s*z - 50. Calculate the remainder when 21 is divided by t.
9
Suppose 3*q + 3*l = 2*l - 214, 5*q + 4*l + 366 = 0. Let g = q - -77. What is the remainder when 18 is divided by g?
4
Let y(a) = a**3 - 2*a**2 + 5*a + 2. Let i be y(5). Let q = -67 + i. Suppose 17 = 4*r - 55. Calculate the remainder when q is divided by r.
17
Suppose -56*i + 54*i = -228. Let d = 136 - i. What is the remainder when 85 is divided by d?
19
Suppose -5*q + 11 = -9, 0 = 2*l - 5*q - 156. Suppose 88 = 5*s - 2*o, o - 3*o = 2*s - 38. What is the remainder when l is divided by s?
16
Suppose 4*s - 4 = 4*r, 0 = 5*s - 6*r + 3*r - 1. Let o be 3 - (0 + 0 + s). Suppose o*b + 14 - 46 = 0. Calculate the remainder when 11 is divided by b.
3
Let z(p) = 5*p**2 + 3*p - 4. Let w be z(-3). Let o be 2/8 + 56/w. Suppose -3*a - 4*t = -69, -2*a = o*a - 3*t - 92. What is the remainder when a is divided by 9?
5
Let q = 31 - 30. Let p = -4 + 29. Calculate the remainder when 16/q*p/10 is divided by 14.
12
Suppose 3*q + 2*l - 120 = 0, 2*l - 3 = l. What is the remainder when 182 is divided by q?
30
Let o be (-18)/24*-4 - (-336 - 1). Suppose -4*j = -5*c + 50 + o, 0 = 4*c + 4*j - 276. Calculate the remainder when c is divided by 26.
22
Suppose 3*a - 99 = -2*h + 30, -77 = -h - 4*a. Let s = h - 40. What is the remainder when s is divided by 12?
5
What is the remainder when (290/(-30) + 9)*(-375)/2 is divided by 33?
26
Let l be 4/6 - 100/(-3). Let b = -21 + l. Calculate the remainder when 23 is divided by b.
10
Let k = 15 - 20. Let b = 9 + k. What is the remainder when 8 is divided by b?
0
Suppose 1 = 3*f - 5*p, f = -2*f + p + 5. Let g be 4 - (0/(-4))/f. Suppose -60 = -y - g*y. What is the remainder when 59 is divided by y?
11
Let m = 490 + -332. Calculate the remainder when m is divided by 9.
5
Let y(l) = 9*l**3 - 6*l**2 + 6 + 5*l**3 - 15*l**3. Calculate the remainder when 9 is divided by y(-6).
3
Suppose 3*x - 112 = -z + 4*x, -3*x - 550 = -5*z. Calculate the remainder when z is divided by 20.
7
Let n be (-2)/10 - 120/25. Calculate the remainder when 93 is divided by (-119)/n + (-6)/(-30).
21
Suppose 0 = -5*n - 1682 + 2382. Calculate the remainder when 1119 is divided by n.
139
Suppose 5*s - 44 - 251 = 0. Let g be 6*1 - 38/19. Suppose -3*p + g*d + s = -3, -5*p + 60 = 2*d. Calculate the remainder when 53 is divided by p.
11
Suppose 4*w = -4, -w - 4*w - 509 = -2*b. Suppose 0 = -9*j + 2*j + b. Calculate the remainder when 140 is divided by j.
32
Let o be ((-200)/125)/(2/(-5)). Suppose o*q - 10 - 218 = 0. Calculate the remainder when q is divided by 20.
17
Let s(u) = -4*u**3 + 2*u - 3. Calculate the remainder when s(-3) is divided by 10*((-4)/26 + (-69)/(-26)).
24
Let h(l) = 2*l**2 - 2*l + 2. What is the remainder when 49 is divided by h(-3)?
23
Suppose -i - 2*x - 4 = 0, i = -2*i - 5*x - 7. Suppose -9*c + 4*c + 530 = 0. Calculate the remainder when c is divided by i.
4
Let f(a) = -3*a**2 + a. Let l be (-12)/(-48) - 3/(-4). Let c be f(l). What is the remainder when (-774)/(-9) + c*1 is divided by 17?
16
Suppose 4*f + 2*v = -2*v + 344, -v + 410 = 5*f. Let k = 737 - 716. Calculate the remainder when f is divided by k.
18
What is the remainder when 996/(-60)*(-1 + -4) is divided by 26?
5
Suppose -7 + 1 = -2*v - 2*f, -5*f + 5 = 0. Suppose r - 3*r = -v*y + 40, 107 = 4*y + 5*r. Calculate the remainder when y is divided by 12.
11
Suppose b + 0*a = -4*a + 8, 3*a + 24 = 3*b. Let q be 2/4*(-30)/(-3). Suppose -q*t + 0*t = -110. Calculate the remainder when t is divided by b.
6
Suppose 6*i = 2*i - 8. Let n be 2 - (-2 + (-1 - i)). Suppose -2*w + 16 = 3*r, 0 = -r - 4*r + n*w + 14. What is the remainder when 15 is divided by r?
3
Let z be 24/9 - 8/12. Suppose -3*f = z*j - 65, 4*j - 156 = -j - f. What is the remainder when j is divided by 11?
9
Let h(p) = p**3 - 15*p**2 + 15*p - 3. Let f be 6/(-4) + 155/10. Let s be h(f). Suppose o = s + 21. What is the remainder when o is divided by 12?
8
Let x = 94 + -65. Let l = -81 - -58. Let i = -18 - l. Calculate the remainder when x is divided by i.
4
Suppose -3*l + 58 = -2*a, 3*l + 8 = 3*a + 71. What is the remainder when l is divided by (-158)/(-18) - (-2)/9?
7
Suppose -b + 4 = 0, 2*n - 3*b = 6*n - 120. Suppose 2*k + 3*l = 5*k - 39, -3*l = 4*k - 66. Calculate the remainder when n is divided by k.
12
Let o = -19 - -53. Let h = o - 22. Calculate the remainder when 37 is divided by h.
1
Suppose -2*d + 171 = d + 4*i, 0 = 4*i. What is the remainder when d is divided by 23?
11
Suppose n = 25*n - 72. What is the remainder when n is divided by 1?
0
Let d(k) = 9*k**2 + 9. Calculate the remainder when 9 is divided by d(0).
0
Suppose -1048 = -5*i - 403. Let w = i + -85. Calculate the remainder when 84 is divided by w.
40
Let a = 376 + -271. What is the remainder when a is divided by 27?
24
Let i(k) = -k**3 + 4*k**2 - 3. Let n be i(3). Let c(d) = 8*d**2 - 32*d + 7. Calculate the remainder when c(5) is divided by 1/(n/(-10))*-15.
22
Suppose -2*w = -8, 3*q + 2*w + w = 33. Suppose -12*t = -q*t - 60. Calculate the remainder when (-66)/(-2)*(-8)/(-12) is divided by t.
10
Suppose -24*w + 3640 - 424 = 0. Calculate the remainder when w is divided by 36.
26
Suppose -3*m - 5 = q - 44, -q + 55 = -m. Suppose 0 = 3*o - 5*d - q, 66 = -0*o + 5*o - 2*d. Calculate the remainder when 93 is divided by o.
9
Let k = 22 - 19. Suppose k*c - 14 = -t - c, 2*t - c - 37 = 0. What is the remainder when t is divided by 11?
7
Suppose 5*f - 2*g - 150 = 23, 0 = -5*f + 4*g + 171. Calculate the remainder when f is divided by 23.
12
Let f = 63 + -59. Suppose 4*o - x - 213 = 0, -f*x = 5*o - 34 - 206. What is the remainder when o is divided by 11?
8
Let n = 37 + -25. Let v = 49 - 35. Suppose -5*x + v = -3*x. Calculate the remainder when n is divided by x.
5
Suppose -2*x + 9*z = 8*z + 159, -4*z = -20. Let m = -45 - x. What is the remainder when 126 is divided by m?
30
Let p(l) = -9*l**3 + 4*l**2 + 4. Let r be p(3). Let s = r + 331. Suppose 6*d = 2*d + s. What is the remainder when d is divided by 17?
15
Suppose 12 = 4*p - u, -4 = 4*p + 5*u + 8. Suppose -5*d + d = -20, p*g = 5*d + 33. Suppose -4*z - 9 = -g. Calculate the remainder when z is divided by 2.
1
Let z be ((-8)/(-12))/((-2)/(-1